{"id":969,"date":"2014-01-19T21:22:31","date_gmt":"2014-01-20T03:22:31","guid":{"rendered":"http:\/\/silvinavergara.com\/spanish\/?page_id=969"},"modified":"2014-01-21T03:52:40","modified_gmt":"2014-01-21T09:52:40","slug":"alma-del-viento-video-experiencia","status":"publish","type":"page","link":"https:\/\/silvinavergara.com\/spanish\/alma-del-viento-video-experiencia\/","title":{"rendered":"Alma del Viento Video (Experiencia)"},"content":{"rendered":"<p><img loading=\"lazy\" decoding=\"async\" class=\"aligncenter\" alt=\"Silvina Vergara Video Alma del Viento\" src=\"http:\/\/silvinavergara.com\/spanish\/wp-content\/uploads\/2014\/01\/baner600x.jpg\" width=\"698\" height=\"250\" \/><\/p>\n<p>&nbsp;<\/p>\n<p>&nbsp;<\/p>\n<p>&nbsp;<\/p>\n<p><img decoding=\"async\" class=\"alignright\" style=\"width: 300px; height: 246px;\" alt=\"Silvina Vergara Video Alma del Viento\" src=\"http:\/\/silvinavergara.com\/spanish\/wp-content\/uploads\/2014\/01\/piano2.jpg\" \/><\/p>\n<p>&nbsp;<\/p>\n<h3>La magia comenz\u00f3 cuando escuche por primera vez la<br \/>\ncomposici\u00f3n de piano de Agustin Vergara Koller, transmitida en vivo&#8230;.<\/h3>\n<p>pod\u00eda sentir los sentimientos profundos del compositor, las<br \/>\nmil facetas de informaci\u00f3n que percibia en ese momento<br \/>\na trav\u00e9s de las diferentes frecuencias de<br \/>\nnotas musicales\u00a0 con profundos matices, sentimientos, emociones y<br \/>\nsus colores&#8230;Me llevaron a un mundo lejano, literalmente a otro<br \/>\nlugar<\/p>\n<h3 style=\"text-align: center;\"><\/h3>\n<h3 style=\"text-align: center;\"><\/h3>\n<p>Cuando comenz\u00f3 a tocar, cerr\u00e9 los ojos, fue instantaneo, me transporto al mundo sutil, donde tuve la sensaci\u00f3n, que almas de otras esferas se comunicaban&#8230;no hab\u00eda distancia o tiempo.<\/p>\n<h3 style=\"text-align: center;\"><img decoding=\"async\" class=\"aligncenter\" style=\"width: 343px; height: 679px;\" alt=\"Silvina Vergara Alma del Viento Video\" src=\"http:\/\/silvinavergara.com\/spanish\/wp-content\/uploads\/2014\/01\/Alma-del-Viento-Silvina-Vergara-Video-comunicacion-dimenciones.png\" \/><\/h3>\n<h3>Percib\u00ed literalmente que esa separaci\u00f3n no exist\u00eda, realmente era una ilusi\u00f3n,sent\u00eda que el aire, la brisa y el\u00a0 espacio eran los comunicadores de seres et\u00e9reos, en ese momento.<\/h3>\n<p>Por eso la esencia de este tema musical, se refiere\u00a0 al mensaje infinito de otra dimensi\u00f3n, que nos ampl\u00eda la visi\u00f3n de un mundo peque\u00f1o y ego\u00edsta en el que a veces se puede vivir, sin darnos cuenta que hay algo m\u00e1s all\u00e1 de lo que los ojos f\u00edsicos pueden ver&#8230;\u00a0 Llev\u00e1ndonos a ese lugar donde hay espacio\u00a0 y tiempo eterno, a la paz que podemos acceder si escuchamos la voz del alma.<\/p>\n<p>&nbsp;<\/p>\n<p><img decoding=\"async\" class=\"aligncenter\" style=\"width: 600px; height: 400px;\" alt=\"Silvina Vergara Alma del Viento Video\" src=\"http:\/\/silvinavergara.com\/spanish\/wp-content\/uploads\/2014\/01\/Alma-del-Viento-Silvina-Vergara-Video-paz.jpg\" \/><\/p>\n<p>&nbsp;<\/p>\n<p>&nbsp;<\/p>\n<p>&nbsp;<\/p>\n<h3><\/h3>\n<h3>En el video\u00a0 podremos observar los seres humanos en actividades diarias, a veces encerrados en una realidad limitada<\/h3>\n<p>de preocupaciones sin darse cuenta que hay algo m\u00e1s all\u00e1 de nosotros en el plano f\u00edsico, quiz\u00e1s solo una respiraci\u00f3n es la membrana que divide esas dimensiones&#8230;<\/p>\n<p><img decoding=\"async\" class=\"aligncenter\" style=\"width: 600px; height: 300px;\" alt=\"Silvina Vergara Video Alma del Viento\" src=\"http:\/\/silvinavergara.com\/spanish\/wp-content\/uploads\/2014\/01\/Alma-del-Viento-Silvina-Vergara-video-actividades-diarias.jpg\" \/><\/p>\n<p>&nbsp;<\/p>\n<p>&nbsp;<\/p>\n<p>&nbsp;<\/p>\n<p>&nbsp;<\/p>\n<p style=\"text-align: right;\"><img decoding=\"async\" class=\"alignleft\" style=\"width: 300px; height: 169px;\" alt=\"Silvina Vergara Video Alma del Viento\" src=\"http:\/\/silvinavergara.com\/spanish\/wp-content\/uploads\/2014\/01\/Alma-del-Viento-Silvina-Vergara-video-esperanza.jpg\" \/><\/p>\n<p style=\"text-align: right;\">En una de la toma realizada en la playa, ocurri\u00f3 que era un d\u00eda de mucho viento y frio(haci\u00e9ndole honor al t\u00edtulo de la canci\u00f3n) as\u00ed mismo con la adversidad del clima.<\/p>\n<p>&nbsp;<\/p>\n<p>&nbsp;<\/p>\n<p>&nbsp;<\/p>\n<p>Todos los del equipo de filmaci\u00f3n sentimos un instante de magia, calidez y goce como si hubi\u00e9ramos estado en una dimensi\u00f3n paralela,hubo una cierta indescriptible sincronicidad, con la m\u00fasica y una bandada de p\u00e1jaros enormes volaban sobre nosotros, exactamente con la \u00faltima nota musical, el brillo del sol en los ojos de todos.<\/p>\n<div style=\"text-align: center;\">\n<p><img decoding=\"async\" class=\"alignright\" style=\"width: 300px; height: 150px;\" alt=\"Silvina Vergara Video Alma del Viento\" src=\"http:\/\/silvinavergara.com\/spanish\/wp-content\/uploads\/2014\/01\/feel.jpg\" \/><\/p>\n<p>&nbsp;<\/p>\n<p>&nbsp;<\/p>\n<p>&nbsp;<\/p>\n<p>&nbsp;<\/p>\n<p>&nbsp;<\/p>\n<p>&nbsp;<\/p>\n<p>&nbsp;<\/p>\n<p>&nbsp;<\/p>\n<p><img decoding=\"async\" style=\"width: 600px; height: 338px;\" alt=\"Silvina Vergara Video Alma del Viento\" src=\"http:\/\/silvinavergara.com\/spanish\/wp-content\/uploads\/2014\/01\/alma-del-viento-2.jpg\" \/><\/p>\n<p>Ese entendimiento t\u00e1cito de un silencio vibrante donde estalla el coraz\u00f3n, porque ten\u00edamos una sonrisa<br \/>\ndibujada en el pecho de cada uno. Ya el viento y el frio quedaban muy lejos, como si hubiera sido de otra pel\u00edcula&#8230;.<\/p>\n<p>&nbsp;<\/p>\n<p>&nbsp;<\/p>\n<p>&nbsp;<\/p>\n<h2>Una experiencia de crecimiento interior que removi\u00f3<br \/>\ndiferentes aspectos del ser:<\/h2>\n<p>Fue realizar el personaje de mendigo (homeless), entrar en varios mundos a la vez, si bien al interpretar el personaje comenc\u00e9 a estudiar los movimientos corporales, trate de compenetrarme en ese mundo, sab\u00eda que al estar personificando este tema las personas en la calle consciente o inconscientemente evitan el contacto o conexi\u00f3n&#8230;.<\/p>\n<p><img decoding=\"async\" style=\"width: 600px; height: 338px;\" alt=\"Silvina Vergara Video Alma del Viento\" src=\"http:\/\/silvinavergara.com\/spanish\/wp-content\/uploads\/2014\/01\/Alma-del-Viento-Homeless.jpg\" \/><\/p>\n<p>&nbsp;<\/p>\n<p>&nbsp;<\/p>\n<p>&nbsp;<\/p>\n<p>Por lo tanto hab\u00eda una parte de m\u00ed que se sent\u00eda protegida como en una burbuja, ya que nadie realmente se detiene.\u00a0 Lo interesante de esto fue que alguien a quien no conoc\u00edamos y que no se hab\u00eda dado cuenta que est\u00e1bamos filmando, se acerc\u00f3 y dijo:<\/p>\n<p>\u00bb \u00bfPuedo darle estas flores para bendecir su d\u00eda?\u00bb Guau\u00a0 \u00a1Eso fue incre\u00edblemente hermoso!. . .<\/p>\n<p><img decoding=\"async\" style=\"width: 600px; height: 338px;\" alt=\"Silvina Vergara Alma del Viento Pelicula\" src=\"http:\/\/silvinavergara.com\/spanish\/wp-content\/uploads\/2014\/01\/Silvina-Vergara-Alma-del-Viento-Homeless1.jpg\" \/><\/p>\n<p>&nbsp;<\/p>\n<p>&nbsp;<\/p>\n<p>&nbsp;<\/p>\n<h4>El mensaje de\u00a0 \u00abAlma del viento\u00bb tiene diferentes matices, metaf\u00f3ricamente hablando el viento como mensajero y conexi\u00f3n de campos sutiles y conciencia de amor, revela un mensaje de paz, compasi\u00f3n y el despertar de una conciencia interna individual, para la realizaci\u00f3n de que no hay separaci\u00f3n y somos uno.<\/h4>\n<p><img decoding=\"async\" style=\"width: 600px; height: 250px;\" alt=\"Silvina Vergara Alma del Viento Pelicula\" src=\"http:\/\/silvinavergara.com\/spanish\/wp-content\/uploads\/2014\/01\/Alma-del-Viento-Pelicula-Silvina-Vergara.png\" \/><\/p>\n<address style=\"text-align: right;\">Compartire el video con ustedes MUY PRONTO . .Silvina<\/address>\n<\/div>\n<p>&#8212;&#8212;&#8212;&#8212;&#8212;&#8212;&#8212;&#8212;&#8212;&#8212;&#8212;&#8211;<\/p>\n<div id=\"comments\">\n<div class=\"comment-respond\" id=\"respond\">\n<h3 class=\"comment-reply-title\" id=\"reply-title\">Deja tu comentario <small><a id=\"cancel-comment-reply-link\" style=\"display: none;\" href=\"\/spanish\/918\/#respond\" rel=\"nofollow\">Cancel reply<\/a><\/small><\/h3>\n<form class=\"comment-form\" id=\"commentform\" action=\"http:\/\/silvinavergara.com\/spanish\/wp-comments-post.php\" method=\"post\">\n<p class=\"logged-in-as\">Logged in as<\/p>\n<p class=\"comment-form-comment\"><label for=\"comment\">Comment<\/label> <textarea id=\"comment\" cols=\"45\" name=\"comment\" rows=\"8\"><\/textarea><\/p>\n<p class=\"form-allowed-tags\"><code>\u00a0<\/code><\/p>\n<p class=\"form-submit\"><input id=\"submit\" type=\"submit\" name=\"submit\" value=\"Post Comment\" \/><br \/>\n<input id=\"comment_post_ID\" type=\"hidden\" name=\"comment_post_ID\" value=\"918\" \/><br \/>\n<input id=\"comment_parent\" type=\"hidden\" name=\"comment_parent\" value=\"0\" \/><\/p>\n<p><input id=\"_wp_unfiltered_html_comment_disabled\" type=\"hidden\" name=\"_wp_unfiltered_html_comment_disabled\" value=\"6eddae3e6b\" \/><script type=\"text\/javascript\">\/\/ <![CDATA[\n(function(){if(window===window.parent){document.getElementById('_wp_unfiltered_html_comment_disabled').name='_wp_unfiltered_html_comment';}})();\n\/\/ ]]><\/script><\/p>\n<p style=\"display: none;\"><input id=\"akismet_comment_nonce\" type=\"hidden\" name=\"akismet_comment_nonce\" value=\"fa283cd131\" \/><\/p>\n<\/form>\n<\/div>\n<p><!-- #respond --><\/p>\n<\/div>\n<p><!-- #comments --><\/p>\n<p><!-- #main --><\/p>\n","protected":false},"excerpt":{"rendered":"<p>&nbsp; &nbsp; &nbsp; &nbsp; La magia comenz\u00f3 cuando escuche por primera vez la composici\u00f3n de piano de Agustin Vergara Koller, transmitida en vivo&#8230;. pod\u00eda sentir los sentimientos profundos del compositor, las mil facetas de informaci\u00f3n que percibia en ese momento a trav\u00e9s de las diferentes frecuencias de notas musicales\u00a0 con profundos matices, sentimientos, emociones y sus colores&#8230;Me llevaron a un mundo lejano, literalmente a otro lugar Cuando comenz\u00f3 a tocar, cerr\u00e9 los ojos, fue instantaneo, me transporto al mundo sutil,&hellip;<\/p>\n","protected":false},"author":4,"featured_media":0,"parent":0,"menu_order":0,"comment_status":"open","ping_status":"open","template":"fullwidth.php","meta":{"footnotes":""},"class_list":["post-969","page","type-page","status-publish","hentry"],"_links":{"self":[{"href":"https:\/\/silvinavergara.com\/spanish\/wp-json\/wp\/v2\/pages\/969","targetHints":{"allow":["GET"]}}],"collection":[{"href":"https:\/\/silvinavergara.com\/spanish\/wp-json\/wp\/v2\/pages"}],"about":[{"href":"https:\/\/silvinavergara.com\/spanish\/wp-json\/wp\/v2\/types\/page"}],"author":[{"embeddable":true,"href":"https:\/\/silvinavergara.com\/spanish\/wp-json\/wp\/v2\/users\/4"}],"replies":[{"embeddable":true,"href":"https:\/\/silvinavergara.com\/spanish\/wp-json\/wp\/v2\/comments?post=969"}],"version-history":[{"count":41,"href":"https:\/\/silvinavergara.com\/spanish\/wp-json\/wp\/v2\/pages\/969\/revisions"}],"predecessor-version":[{"id":1027,"href":"https:\/\/silvinavergara.com\/spanish\/wp-json\/wp\/v2\/pages\/969\/revisions\/1027"}],"wp:attachment":[{"href":"https:\/\/silvinavergara.com\/spanish\/wp-json\/wp\/v2\/media?parent=969"}],"curies":[{"name":"wp","href":"https:\/\/api.w.org\/{rel}","templated":true}]}}